61)/6 a composite number?
True
Suppose 0*y + 3*y = 3*k - 6, k = 3*y. Let f = 4 - 5. Is (y*f)/(6/(-558)) composite?
True
Let w be -3 + (4*88 - -4). Suppose -3*u + 3*m + w = -2*m, 0 = -3*u + 2*m + 359. Is u a composite number?
True
Let o(f) = -3*f - 1. Let q be o(-14). Suppose 0 = k - 4*k + 5*b + 27, -5*k - 3*b = -11. Suppose -k*y + q = -99. Is y a prime number?
False
Suppose 0 = 2*y - h - 8, 0*y = -3*y + 2*h + 14. Suppose 5 + 9 = 4*k + y*t, 0 = -k - 5*t + 8. Suppose -z = k*z - 28. Is z composite?
False
Let g(b) = -19*b**3 - 3*b**2 + 3. Let h(p) = 9*p**3 + p**2 - 1. Let t be (4/(-12))/(2/(-30)). Let m(n) = t*h(n) + 2*g(n). Is m(1) prime?
True
Suppose 8*n - 4*n + 12 = 0. Let i be 0/1 + (-1 - n). Suppose -i*k - 3*u + 61 = 0, -k + 3*u + 8 = -0*u. Is k a composite number?
False
Suppose -4*i - 2*f = 14244, -3*i - f - 2223 = 8459. Is i/(-14) + (-12)/42 a composite number?
True
Suppose 0 = x + x. Suppose -w = x, -3*t - t + 740 = -3*w. Is t composite?
True
Let u be (-8)/6*(-36)/(-8). Is 525/9 + (-4)/u a composite number?
False
Let a(c) = -2 + 2 + 0 + 24*c**3 + 1. Let k be a(1). Suppose s - 52 = k. Is s a prime number?
False
Let j(z) = -z**3 - 3*z**2 + 4*z. Let w be j(-4). Let y(r) = r + 36. Let k be y(w). Let a = k - 22. Is a a prime number?
False
Suppose -3*a - 5*o = -16, 4*a - 2*o - 1 = 3. Suppose -a*y = 3*t - 265, -13 - 2 = -3*y. Suppose -t = -5*x - 2*n + 12, 3*x + 4*n - 61 = 0. Is x a prime number?
True
Suppose -6*o - 4 = -2*o. Is 78/((-2)/(-2)) + o composite?
True
Suppose 26 + 7 = -3*i. Let h = i - -3. Is (10 + h)/((-2)/(-37)) composite?
False
Let k(w) = -w**3 - 33*w**2 + 49*w - 46. Is k(-35) composite?
True
Suppose 4*c - 2 = -3*v + 5*c, 3*v + 3*c = 6. Let n = v - -6. Is (-10)/(-5) + 3*n a composite number?
False
Suppose -4*x + 1513 = -1635. Is x composite?
False
Let i = -7 + 19. Suppose -3 = 4*o - 15. Suppose o*m - i = m. Is m a composite number?
True
Is 0 + -1 + -12 + 264 composite?
False
Let v = -14 - -4. Is 4/v - (-374)/10 composite?
False
Let p be 4/(-6) - (-212)/3. Let x = p - 32. Suppose 0 = -j + l + 36, -4*l + 133 + x = 5*j. Is j prime?
False
Is ((-1)/2)/(5/(-4790)) composite?
False
Let u be 30/(-6)*(-6)/10. Suppose -u*b = 4*r + 2*b - 413, 2*b + 87 = r. Is r a composite number?
False
Suppose -5*n = -3*k + 84, k = -4*k - 3*n + 106. Suppose 0*p + 2*v = -5*p + 60, 2*p - k = -v. Is p a composite number?
True
Suppose 0*r + 5*r = -3*h + 4759, -4769 = -5*r + 2*h. Is r prime?
True
Suppose -4*p = y - 48, -2*p + 24 = y + y. Suppose 2*w = 2 + p. Is w a prime number?
True
Let z(k) = 5*k**2 - 5*k + 11. Is z(6) prime?
False
Let v(a) = a**2 + 3*a - 7. Let c be v(-5). Suppose -5*j + c + 7 = 5*l, -4*l = -3*j + 27. Is 2 + l - (-2 - 18) prime?
True
Let o = 10 - 9. Suppose -4*h + 543 = 2*c + 65, o = c. Is h prime?
False
Let q(k) = -2*k**2 + 12*k - 8. Let w be q(-9). Is (-1)/(-3) + w/(-3) prime?
False
Suppose 3*a - 20 = -2*a + 5*b, 4*b = 3*a - 13. Suppose -2*d = a*w - 131, -2*w = w + d - 130. Is w prime?
True
Suppose 13*i - 7260 = 7677. Is i prime?
False
Suppose -3*y - y + 1304 = 0. Is y prime?
False
Let o = -4046 + 9273. Is o prime?
True
Suppose -5*q - 620 = -3*h - 219, -5*h + q = -705. Is h a composite number?
True
Let c = -5 + 7. Suppose 4*h - 303 = 5*x, -c*h - 382 = -7*h + 3*x. Is h a prime number?
False
Suppose 22*w = 24*w - 662. Is w a composite number?
False
Let a(k) = k**2 - k**3 - 4*k + 5*k + 1 + 2*k. Is a(-2) a prime number?
True
Suppose -4*o + 64 = 8. Suppose o + 17 = f. Is f composite?
False
Let q(i) = -47*i + 4. Suppose 2*k = -p, -5 = 2*k + 2*p - 1. Suppose k*o = -o - 9. Is q(o) composite?
True
Is (1/(-2))/((-7)/2618) composite?
True
Suppose -q = i + 3 - 8, -4*i + q = -5. Suppose -3*f = -i*b + 44, -2*b + 7*b = 3*f + 110. Is b composite?
True
Let a(b) = 9*b**3 + b**2 - b - 2. Is a(4) a composite number?
True
Let z(x) = 49*x**2 - 3*x + 9. Is z(-11) prime?
False
Let r = -387 - -1498. Is r a composite number?
True
Suppose 121 = 5*s - 204. Is s composite?
True
Let m = -862 + 2915. Is m prime?
True
Let v = 3960 + -1003. Is v a composite number?
False
Suppose 2*l + 6020 = 6*l. Suppose -5*h = -0*h - l. Is h a composite number?
True
Let f(r) be the first derivative of -37*r**4/4 - 2*r**3/3 + r + 1. Let d be f(-1). Suppose -s = -d - 83. Is s a composite number?
True
Suppose -4*f - 1003 = -5*j, -j + 2*f = 2*j - 601. Is j a prime number?
True
Is (5 + 912)*-1*(0 - 1) prime?
False
Let t be 1/1 + 0 + 3. Suppose 4*x - 536 = 2*j, 0*j - 522 = -t*x - 5*j. Is x a prime number?
False
Suppose 3*y + 2*f = 2211, 4*f + 3685 = 2*y + 3*y. Is y composite?
True
Suppose -2*k - 120 = -7*k. Let f = k + -17. Let y(q) = q**3 - 7*q**2 + 3*q - 6. Is y(f) composite?
True
Let a be 1/2*-7*2. Let l = -7 + a. Is 26*-1*l/4 a prime number?
False
Let a = 17 + -14. Suppose 4*w + j = 1809, -6 = a*j + 3. Is w prime?
False
Suppose -233 = -y - 0*y. Is y a prime number?
True
Let t be (-2)/(-5) + (-26)/(-10). Let r(n) = -n + 3. Let o be r(t). Suppose -5*y + o*z + 474 = -z, -y - 2*z + 97 = 0. Is y prime?
False
Suppose -4*w + 702 = -5*c, -w + 3*c = 2*c - 176. Is w prime?
False
Suppose 2*q = 2*t + 2*t - 10, 9 = 3*q. Let k = -58 + 81. Let g = k - t. Is g a prime number?
True
Is -2741*(-1 - 2 - -2) a prime number?
True
Let c = 9 + -7. Suppose -2*o = 4*z - 86, c*o + 3*o + 4*z = 245. Is o a prime number?
True
Let x be ((-3)/9)/(2/(-12)). Is 1/(2/79)*x a prime number?
True
Suppose -4*q + 4*f - 14 = -3*q, -5*f + 130 = -5*q. Is (-220)/q*66/4 prime?
False
Let a(v) = 2*v**2 + 1. Let b be a(-1). Suppose 20 = b*j + j. Suppose 0 = -0*t - j*t + 70. Is t composite?
True
Let q = -496 + 1374. Is q a prime number?
False
Suppose k = 4, 2*l - 2*k = 2*k - 16. Suppose l = 4*n - 2987 + 927. Is n a composite number?
True
Suppose -1823 = 2*o - 589. Is o/(-2) + (-6)/4 a prime number?
True
Let x(f) = -5*f**3 + 2*f**2 - 4*f - 5. Let q(r) = -4*r**3 + r**2 - 3*r - 4. Let n(c) = 6*q(c) - 5*x(c). Let h = 2 - -2. Is n(h) a prime number?
False
Let z = 4 + -2. Suppose -3*m = -4*b + 901 - 150, m = z*b - 375. Suppose 327 = 4*g - 2*f - b, 2*f + 260 = 2*g. Is g a prime number?
True
Let w = 1507 - 770. Is w composite?
True
Let u(f) = -f. Let d be u(-4). Suppose -l + n + 3 = -2, 0 = 2*l + 3*n - 10. Suppose -3*b = b - l*c - 41, -5*b + 40 = -d*c. Is b a composite number?
True
Suppose 0 = -3*h + 5*b - 15, 3*h = 2*b - 13 - 2. Let s = h + 4. Let k(n) = 14*n**2 + 2*n + 1. Is k(s) a composite number?
False
Let x(q) = -q - 2*q + q**2 - 7*q + 2. Let k be x(10). Suppose -2*n + 24 = 4*z - k, 8 = z + 2*n. Is z a prime number?
False
Suppose -5*v + 11498 = -3*u + 591, -5*u = 3*v - 6517. Is v a composite number?
False
Let d be (0/((-12)/(-3)))/(-2). Suppose -w + 2*w - 87 = d. Is w a prime number?
False
Suppose -4*c + 9 = 1. Is c/4*(-3 + 23) a prime number?
False
Suppose 17*n = 14*n + 16527. Is n composite?
True
Suppose 12 = -3*w, 4*i = w - 2*w - 204. Let n be 8/28 + (-1306)/14. Let y = i - n. Is y a composite number?
False
Suppose 4*g = -4, 0*g - 771 = -3*s - 3*g. Suppose y = 3*a - 495, 5*y - y = 0. Let w = s - a. Is w prime?
False
Suppose -3*p + 404 = -1597. Is p composite?
True
Suppose 0*m - 67 = -2*m - j, 0 = -4*m - 4*j + 128. Is m a prime number?
False
Let r = -89 - -12. Let x = -15 - r. Suppose b = -1 - 2, 2*j - x = -4*b. Is j composite?
False
Suppose -u + d = -d - 141, u + 3*d = 161. Is u a composite number?
False
Suppose 5*h = -20, 2*j + h = 2*h + 250. Is j a composite number?
True
Let d(h) = -7*h - 3. Let y be d(5). Let o(z) = -z**3 - 8*z**2 - 4*z - 2. Let u be o(-9). Let k = y + u. Is k composite?
True
Let j = 39 - -19. Let l be j/(-4 - -2) + 1. Let f = -17 - l. Is f composite?
False
Suppose 2 = -3*v + 3*k + 17, -2*v + 1 = k. Suppose -2*a - 24 + 320 = 0. Suppose -2*t = v*t - a. Is t composite?
False
Let j = -248 + 139. Is (j/2)/(2/(-20)) composite?
True
Suppose -5*a + 21 = 2*v - 4, 2*a - 4*v + 14 = 0. Let s(i) = 5*i. Let k be s(a). Let u = k - 8. Is u prime?
True
Is 5616/63 - (-1)/(-7) prime?
True
Let b = 1717 + -1168. Let o = 1022 - b. Is o a prime number?
False
Let x(l) = 33*l + 1. Let f be x(1). Is (10/(-4))/((-1)/f) a composite number?
True
Let o(t) be the third derivative of -7*t**5/30 - t**4/8 + t**3/2 - 3*t**2. Let a be o(-3). Is (-8)/12*a/4 prime?
True
Let h(r) = 7*r - 4. Let m = 5 + -3. Suppose -m*j + 13 + 5 = 0. Is h(j) composite?
